{"id":879,"date":"2026-01-22T18:50:58","date_gmt":"2026-01-22T09:50:58","guid":{"rendered":"https:\/\/palmu.st\/fi\/?page_id=879"},"modified":"2026-04-24T11:52:45","modified_gmt":"2026-04-24T02:52:45","slug":"vierailuaikataulu","status":"publish","type":"page","link":"https:\/\/palmu.st\/fi\/?page_id=879","title":{"rendered":"Vierailuaikataulu 2026"},"content":{"rendered":"\n<p>Olemme lyhyell\u00e4 kotimaanjaksolla nykyisen ty\u00f6kautemme puolessav\u00e4liss\u00e4 kes\u00e4ll\u00e4 2026.Ohessa vierailuaikataulumme (p\u00e4ivitet\u00e4\u00e4n sit\u00e4 mukaa kun vierailuja saadaan sovittua):<\/p>\n\n\n\n<p><strong>Hein\u00e4kuu 2026<\/strong><br>&#8211; la 4.7. tulo Suomeen<br>&#8211; su 5.7. Kansanl\u00e4hetysp\u00e4iv\u00e4t (Ryttyl\u00e4)<br>&#8211; la 18.7. Aimin lakkiaiset (Viherkummun siirtolapuutarha)<br>&#8211; su 19.7. Helsingin Kansanl\u00e4hetyksen messu<\/p>\n\n\n\n<p><strong>Elokuu 2026<\/strong><br>&#8211; pe-su 14.-16.8. L\u00e4hettip\u00e4iv\u00e4t (Ryttyl\u00e4)<br>&#8211; su 23.8. Mikkelin tuomiokirkkoseurakunta<br>&#8211; ma 24.8. Kirkonm\u00e4en srk-talo (Mikkeli)<br>&#8211; la 29.8. Glow-festarit<br>&#8211; su 30.8. varattu<\/p>\n\n\n\n<p><strong>Syyskuu 2026<\/strong><br>&#8211; su 6.9. varattu<br>&#8211; su 13.9. Ulvilan seurakunta klo 10:00 messu, t\u00e4m\u00e4n j\u00e4lkeen Kirkkotuvalla l\u00e4hetyskuulumisia; Satakunnan KL Yhteis\u00f6n ilta \/ l\u00e4hetysseurat klo 16:00 alkaen<br>&#8211; su 20.9. Kirkkonummi, messu ja l\u00e4hetystilaisuus<br>&#8211; pe-su 25.-27.9. L\u00e4hetysbreikki (Ryttyl\u00e4)<\/p>\n\n\n\n<p><strong>Marraskuu 2026<\/strong><br>&#8211; su 1.11. Pomarkku ja Noormarkku<br>&#8211; su 8.11. alustavasti Porin Telj\u00e4<br>&#8211; su 15.11. vapaana viel\u00e4<br>&#8211; ke-su 18.-22.11. varattu<br>&#8211; su 29.11. Vehmersalmen kirkko (J\u00e4rvi-Kuopion seurakunta)<\/p>\n\n\n\n<p><strong>Lokakuu 2026<\/strong><br>&#8211; su 4.10. Harjun seurakunta (Lielahden kirkko)<br>&#8211; to 8.10. L\u00e4hetysilta (Karttula)<br>&#8211; pe 9.10.-la 10.10. Karttulassa<br>&#8211; su 11.10. Kuopio (tarkempi paikka m\u00e4\u00e4r\u00e4ytyy my\u00f6hemmin)<br>&#8211; ti-pe 13.-16.10. varattu<br>&#8211; la 17.10. Paras perint\u00f6 -perheleirill\u00e4 Ryttyl\u00e4ss\u00e4 <br>&#8211; su-ma 18.-19.10. Iisalmi<br>&#8211; su 25.10. varattu<br>&#8211; pe 30.10. Kirkkonummella Miesten Perjantai-ilta<\/p>\n\n\n\n<p><strong>Joulukuu 2026<\/strong><br>&#8211; su 6.12. vapaana viel\u00e4<br>&#8211; su 13.12. varattu<br>&#8211; su 20.12. varattu<br>&#8211; ke-to 23.-31.12. varattu<\/p>\n\n\n\n<p><strong>Tammikuu 2027<\/strong><br>&#8211; pe-ti 1.-5.1. varattu<br>&#8211; loppiainen vapaana viel\u00e4<br>&#8211; su 24.1. Uusikaupunki (Lokalahti)<br>&#8211; ke-to 27.-28.1. varattu<br>&#8211; pe 29.1. paluulento Japaniin<\/p>\n","protected":false},"excerpt":{"rendered":"<p>Olemme lyhyell\u00e4 kotimaanjaksolla nykyisen ty\u00f6kautemme puolessav\u00e4liss\u00e4 kes\u00e4ll\u00e4 2026.Ohessa vierailuaikataulumme (p\u00e4ivitet\u00e4\u00e4n sit\u00e4 mukaa kun vierailuja saadaan sovittua): Hein\u00e4kuu 2026&#8211; la 4.7. tulo Suomeen&#8211; su 5.7. Kansanl\u00e4hetysp\u00e4iv\u00e4t (Ryttyl\u00e4)&#8211; la 18.7. Aimin lakkiaiset (Viherkummun siirtolapuutarha)&#8211; su 19.7. Helsingin Kansanl\u00e4hetyksen messu Elokuu 2026&#8211; pe-su &hellip; <a href=\"https:\/\/palmu.st\/fi\/?page_id=879\">Lue loppuun <span class=\"meta-nav\">&rarr;<\/span><\/a><\/p>\n","protected":false},"author":1,"featured_media":0,"parent":0,"menu_order":0,"comment_status":"closed","ping_status":"closed","template":"","meta":{"footnotes":""},"class_list":["post-879","page","type-page","status-publish","hentry"],"_links":{"self":[{"href":"https:\/\/palmu.st\/fi\/index.php?rest_route=\/wp\/v2\/pages\/879","targetHints":{"allow":["GET"]}}],"collection":[{"href":"https:\/\/palmu.st\/fi\/index.php?rest_route=\/wp\/v2\/pages"}],"about":[{"href":"https:\/\/palmu.st\/fi\/index.php?rest_route=\/wp\/v2\/types\/page"}],"author":[{"embeddable":true,"href":"https:\/\/palmu.st\/fi\/index.php?rest_route=\/wp\/v2\/users\/1"}],"replies":[{"embeddable":true,"href":"https:\/\/palmu.st\/fi\/index.php?rest_route=%2Fwp%2Fv2%2Fcomments&post=879"}],"version-history":[{"count":18,"href":"https:\/\/palmu.st\/fi\/index.php?rest_route=\/wp\/v2\/pages\/879\/revisions"}],"predecessor-version":[{"id":915,"href":"https:\/\/palmu.st\/fi\/index.php?rest_route=\/wp\/v2\/pages\/879\/revisions\/915"}],"wp:attachment":[{"href":"https:\/\/palmu.st\/fi\/index.php?rest_route=%2Fwp%2Fv2%2Fmedia&parent=879"}],"curies":[{"name":"wp","href":"https:\/\/api.w.org\/{rel}","templated":true}]}}

<p>Olemme lyhyellä kotimaanjaksolla nykyisen työkautemme puolessavälissä kesällä 2026.Ohessa vierailuaikataulumme (päivitetään sitä mukaa kun vierailuja saadaan sovittua):</p>



<p><strong>Heinäkuu 2026</strong><br>&#8211; la 4.7. tulo Suomeen<br>&#8211; su 5.7. Kansanlähetyspäivät (Ryttylä)<br>&#8211; la 18.7. Aimin lakkiaiset (Viherkummun siirtolapuutarha)<br>&#8211; su 19.7. Helsingin Kansanlähetyksen messu</p>



<p><strong>Elokuu 2026</strong><br>&#8211; pe-su 14.-16.8. Lähettipäivät (Ryttylä)<br>&#8211; su 23.8. Mikkelin tuomiokirkkoseurakunta<br>&#8211; ma 24.8. Kirkonmäen srk-talo (Mikkeli)<br>&#8211; la 29.8. Glow-festarit<br>&#8211; su 30.8. varattu</p>



<p><strong>Syyskuu 2026</strong><br>&#8211; su 6.9. varattu<br>&#8211; su 13.9. Ulvilan seurakunta klo 10:00 messu, tämän jälkeen Kirkkotuvalla lähetyskuulumisia; Satakunnan KL Yhteisön ilta / lähetysseurat klo 16:00 alkaen<br>&#8211; su 20.9. Kirkkonummi, messu ja lähetystilaisuus<br>&#8211; pe-su 25.-27.9. Lähetysbreikki (Ryttylä)</p>



<p><strong>Marraskuu 2026</strong><br>&#8211; su 1.11. Pomarkku ja Noormarkku<br>&#8211; su 8.11. alustavasti Porin Teljä<br>&#8211; su 15.11. vapaana vielä<br>&#8211; ke-su 18.-22.11. varattu<br>&#8211; su 29.11. Vehmersalmen kirkko (Järvi-Kuopion seurakunta)</p>



<p><strong>Lokakuu 2026</strong><br>&#8211; su 4.10. Harjun seurakunta (Lielahden kirkko)<br>&#8211; to 8.10. Lähetysilta (Karttula)<br>&#8211; pe 9.10.-la 10.10. Karttulassa<br>&#8211; su 11.10. Kuopio (tarkempi paikka määräytyy myöhemmin)<br>&#8211; ti-pe 13.-16.10. varattu<br>&#8211; la 17.10. Paras perintö -perheleirillä Ryttylässä <br>&#8211; su-ma 18.-19.10. Iisalmi<br>&#8211; su 25.10. varattu<br>&#8211; pe 30.10. Kirkkonummella Miesten Perjantai-ilta</p>



<p><strong>Joulukuu 2026</strong><br>&#8211; su 6.12. vapaana vielä<br>&#8211; su 13.12. varattu<br>&#8211; su 20.12. varattu<br>&#8211; ke-to 23.-31.12. varattu</p>



<p><strong>Tammikuu 2027</strong><br>&#8211; pe-ti 1.-5.1. varattu<br>&#8211; loppiainen vapaana vielä<br>&#8211; su 24.1. Uusikaupunki (Lokalahti)<br>&#8211; ke-to 27.-28.1. varattu<br>&#8211; pe 29.1. paluulento Japaniin</p>

<p>Olemme lyhyellä kotimaanjaksolla nykyisen työkautemme puolessavälissä kesällä 2026.Ohessa vierailuaikataulumme (päivitetään sitä mukaa kun vierailuja saadaan sovittua): Heinäkuu 2026&#8211; la 4.7. tulo Suomeen&#8211; su 5.7. Kansanlähetyspäivät (Ryttylä)&#8211; la 18.7. Aimin lakkiaiset (Viherkummun siirtolapuutarha)&#8211; su 19.7. Helsingin Kansanlähetyksen messu Elokuu 2026&#8211; pe-su &hellip; <a href="https://palmu.st/fi/?page_id=879">Lue loppuun <span class="meta-nav">&rarr;</span></a></p>
