{"id":303,"date":"2015-06-06T03:22:01","date_gmt":"2015-06-05T18:22:01","guid":{"rendered":"http:\/\/palmu.st\/fi\/?page_id=303"},"modified":"2025-01-15T18:59:21","modified_gmt":"2025-01-15T09:59:21","slug":"liity-ystavarenkaaseen","status":"publish","type":"page","link":"https:\/\/palmu.st\/fi\/?page_id=303","title":{"rendered":"Liity Yst\u00e4v\u00e4renkaaseen!"},"content":{"rendered":"<h3><strong>Tervetuloa mukaan Japanin l\u00e4hetysty\u00f6h\u00f6n<\/strong><\/h3>\n<p><a href=\"https:\/\/kansanlahetys.fi\/tyontekijat-ja-kohteet\/palmu-lauri-ja-asako\/\" target=\"_blank\" rel=\"noopener noreferrer\">Liittym\u00e4ll\u00e4<\/a> &#8221;Asako ja Lauri Palmun uutiskirjeet&#8221; -ryhm\u00e4\u00e4n,\u00a0saat kirjeemme suoraan s\u00e4hk\u00f6postiisi. Sivun alalaidassa on &#8221;Tilaa Palmujen uutiskirje&#8221; kohta johon voit sy\u00f6tt\u00e4\u00e4 s\u00e4hk\u00f6postiosoitteesi.<\/p>\n<p>Kirjoitamme kirjeit\u00e4 noin joka kuukausi. PDF-muotoinen kirje kaikkine kuvineen on luettavissa <a href=\"https:\/\/palmu.st\/fi\/?cat=1\">t\u00e4\u00e4ll\u00e4<\/a>.<\/p>\n<p>Yst\u00e4v\u00e4llisin terveisin,<br \/>\n<em>Lauri Palmu<\/em><\/p>\n<hr \/>\n<p><strong><a href=\"https:\/\/kansanlahetys.fi\/tyontekijat-ja-kohteet\/palmu-lauri-ja-asako\/\" target=\"_blank\" rel=\"noopener noreferrer\">TILAA UUTISKIRJEET T\u00c4LT\u00c4 SIVULTA!<br \/>\n<\/a><\/strong><em>Uutiskirjeit\u00e4 varten sinun pit\u00e4\u00e4 sy\u00f6tt\u00e4\u00e4 linkin takaa avautuvalle sivulle s\u00e4hk\u00f6postiosoitteesi. Sivun alalaidassa on &#8221;Tilaa Palmujen uutiskirje&#8221; kohta johon voit sy\u00f6tt\u00e4\u00e4 sen.<\/em><\/p>\n<hr \/>\n","protected":false},"excerpt":{"rendered":"<p>Tervetuloa mukaan Japanin l\u00e4hetysty\u00f6h\u00f6n Liittym\u00e4ll\u00e4 &#8221;Asako ja Lauri Palmun uutiskirjeet&#8221; -ryhm\u00e4\u00e4n,\u00a0saat kirjeemme suoraan s\u00e4hk\u00f6postiisi. Sivun alalaidassa on &#8221;Tilaa Palmujen uutiskirje&#8221; kohta johon voit sy\u00f6tt\u00e4\u00e4 s\u00e4hk\u00f6postiosoitteesi. Kirjoitamme kirjeit\u00e4 noin joka kuukausi. PDF-muotoinen kirje kaikkine kuvineen on luettavissa t\u00e4\u00e4ll\u00e4. Yst\u00e4v\u00e4llisin terveisin, Lauri &hellip; <a href=\"https:\/\/palmu.st\/fi\/?page_id=303\">Lue loppuun <span class=\"meta-nav\">&rarr;<\/span><\/a><\/p>\n","protected":false},"author":1,"featured_media":0,"parent":9,"menu_order":4,"comment_status":"closed","ping_status":"open","template":"","meta":{"footnotes":""},"class_list":["post-303","page","type-page","status-publish","hentry"],"_links":{"self":[{"href":"https:\/\/palmu.st\/fi\/index.php?rest_route=\/wp\/v2\/pages\/303","targetHints":{"allow":["GET"]}}],"collection":[{"href":"https:\/\/palmu.st\/fi\/index.php?rest_route=\/wp\/v2\/pages"}],"about":[{"href":"https:\/\/palmu.st\/fi\/index.php?rest_route=\/wp\/v2\/types\/page"}],"author":[{"embeddable":true,"href":"https:\/\/palmu.st\/fi\/index.php?rest_route=\/wp\/v2\/users\/1"}],"replies":[{"embeddable":true,"href":"https:\/\/palmu.st\/fi\/index.php?rest_route=%2Fwp%2Fv2%2Fcomments&post=303"}],"version-history":[{"count":23,"href":"https:\/\/palmu.st\/fi\/index.php?rest_route=\/wp\/v2\/pages\/303\/revisions"}],"predecessor-version":[{"id":846,"href":"https:\/\/palmu.st\/fi\/index.php?rest_route=\/wp\/v2\/pages\/303\/revisions\/846"}],"up":[{"embeddable":true,"href":"https:\/\/palmu.st\/fi\/index.php?rest_route=\/wp\/v2\/pages\/9"}],"wp:attachment":[{"href":"https:\/\/palmu.st\/fi\/index.php?rest_route=%2Fwp%2Fv2%2Fmedia&parent=303"}],"curies":[{"name":"wp","href":"https:\/\/api.w.org\/{rel}","templated":true}]}}

Liity Ystävärenkaaseen!

<h3><strong>Tervetuloa mukaan Japanin lähetystyöhön</strong></h3>
<p><a href="https://kansanlahetys.fi/tyontekijat-ja-kohteet/palmu-lauri-ja-asako/" target="_blank" rel="noopener noreferrer">Liittymällä</a> &#8221;Asako ja Lauri Palmun uutiskirjeet&#8221; -ryhmään, saat kirjeemme suoraan sähköpostiisi. Sivun alalaidassa on &#8221;Tilaa Palmujen uutiskirje&#8221; kohta johon voit syöttää sähköpostiosoitteesi.</p>
<p>Kirjoitamme kirjeitä noin joka kuukausi. PDF-muotoinen kirje kaikkine kuvineen on luettavissa <a href="https://palmu.st/fi/?cat=1">täällä</a>.</p>
<p>Ystävällisin terveisin,<br />
<em>Lauri Palmu</em></p>
<hr />
<p><strong><a href="https://kansanlahetys.fi/tyontekijat-ja-kohteet/palmu-lauri-ja-asako/" target="_blank" rel="noopener noreferrer">TILAA UUTISKIRJEET TÄLTÄ SIVULTA!<br />
</a></strong><em>Uutiskirjeitä varten sinun pitää syöttää linkin takaa avautuvalle sivulle sähköpostiosoitteesi. Sivun alalaidassa on &#8221;Tilaa Palmujen uutiskirje&#8221; kohta johon voit syöttää sen.</em></p>
<hr />

<p>Tervetuloa mukaan Japanin lähetystyöhön Liittymällä &#8221;Asako ja Lauri Palmun uutiskirjeet&#8221; -ryhmään, saat kirjeemme suoraan sähköpostiisi. Sivun alalaidassa on &#8221;Tilaa Palmujen uutiskirje&#8221; kohta johon voit syöttää sähköpostiosoitteesi. Kirjoitamme kirjeitä noin joka kuukausi. PDF-muotoinen kirje kaikkine kuvineen on luettavissa täällä. Ystävällisin terveisin, Lauri &hellip; <a href="https://palmu.st/fi/?page_id=303">Lue loppuun <span class="meta-nav">&rarr;</span></a></p>
